digit of d?
1
Let i = 2863 - 1601. Suppose -1267 = -9*y + i. What is the units digit of y?
1
Let m be 0 - (0 - 2*(3 - 1)). Suppose 3*q - 15 = m*d, -2*d + q + 20 = 5*q. Suppose -2*u + 3*p - 4*p = -34, d = -4*u + 4*p + 92. What is the units digit of u?
9
Let n be 4 - (-9)/((-9)/(-4)). Suppose -3*h + 0*h + 1 = 5*p, 3*h - n = 2*p. What is the units digit of 5 + (-150)/(-1) - (p - 0)?
6
Suppose -75*c + 5316 = -72*c. Suppose 766 = 3*a - c. What is the tens digit of a?
4
Let x(k) = k**3 + 6*k**2 - 8*k - 16. Let v be x(-7). What is the units digit of (3/v)/(1/(-954))?
8
Let m = -52425 - -102536. What is the units digit of m?
1
Let x be 1821*((-7)/(-21))/1. Suppose -3*s - 2*z + 1004 = 0, z + 385 = 3*s - x. What is the hundreds digit of s?
3
Let y be (3082/6 - 3)/((-22)/(-33)). Let r = -269 + y. What is the units digit of r?
7
Let f be (-4)/(-2) - (-8)/4. Suppose -4*c + c = 5*g - 171, 4*g = -f*c + 132. What is the hundreds digit of 6/(g/(-282))*-6?
2
Let g = 30047 + -21404. What is the tens digit of g?
4
Let q(z) = -z**2 + 18*z + 7. Suppose -2*r = 0, -4*v + r - 248 = -3*r. Let m = -52 - v. What is the units digit of q(m)?
7
Suppose 2*v + 4*m - 2758 = 0, 53*v - 5504 = 49*v + 4*m. What is the units digit of v?
7
What is the thousands digit of (97198/10)/((-135)/(-675))?
8
Suppose 4*b = 3*n + 37 + 86, -2*n + 2*b - 84 = 0. Let t = 169 - n. What is the tens digit of t?
1
Let j(d) = 3*d + 5. Let p be j(0). Suppose 0 = -5*h - 0 - p. Let s = h + 21. What is the tens digit of s?
2
What is the tens digit of (-2)/5*(9 + 10 + -5064)?
1
Suppose 0 = o - 0*o - 331. Suppose 80*b - 122*b + 3780 = 0. Let p = o - b. What is the tens digit of p?
4
Suppose -14*a = -3*a - 55. Suppose -5 = 5*r + a*t, -t - 5 = 5*r + 4. What is the units digit of -1 + (-2 - r) + 68?
7
Let s = -37131 - -78485. What is the tens digit of s?
5
Let d be 2 - (-18*(-12)/(-8) - -3). Let j = d - 23. What is the units digit of -2*(-24*12)/j?
2
What is the thousands digit of (8*6/24 - -7063) + (-27)/(-9)?
7
Let j(k) = 3 + 0*k + 3 + 7*k + 3 - k**2. Let n be j(9). Let v(m) = -m**2 - 18*m + 17. What is the units digit of v(n)?
8
Suppose 2*a + 2*y - 6067 - 14307 = 0, 2*y + 40712 = 4*a. What is the hundreds digit of a?
1
Let a = 257 - 252. Suppose 7*c = 3*r + 4*c - 981, a*r - 1665 = -5*c. What is the hundreds digit of r?
3
Suppose 5*u = 25, 72 + 1239 = 2*j + 5*u. Suppose 5*a = 4*a + j. What is the units digit of a?
3
What is the tens digit of (19 + -1 - -3)/(368136/21654 - 17)?
6
What is the tens digit of 270/378 + (-1120080)/(-35)?
0
Let h(l) = 135*l**2. Suppose -m = 3*p + 10, 4*p + 6 = -3*m - 14. Let u(t) = 8*t + 17. Let f be u(p). What is the units digit of h(f)?
5
Let b = -24 - -24. Suppose 5*i = -2*q + 4 - b, 8 = 4*q + 4*i. Suppose q*n - 157 + 5 = 0. What is the tens digit of n?
7
Let u be 59*-1*(8 - 11 - -4). Suppose 0 = -3*l - 6, -4*a - 5*l = -426 - 128. Let r = u + a. What is the units digit of r?
2
Let x = 0 + 3. Suppose -4*h = -h - x. Suppose 0 = -2*i - h + 5. What is the units digit of i?
2
Let t(i) = 58*i**2 + 3*i + 14. Let m be t(-5). What is the hundreds digit of (20/(-12))/(((-15)/5)/m)?
8
Suppose 11*n - 53 = 1817. Suppose -3*t + x + 3*x + 276 = 0, 2*x - n = -2*t. Suppose -o + 4 = 0, -g + 25 = 5*o - t. What is the units digit of g?
3
Suppose 2*c = -5*b + 42164, 3*c - 6*b + 10*b = 63239. What is the tens digit of c?
7
Let a(y) = -37*y**3 - 24*y**2 - 84*y + 13. What is the hundreds digit of a(-5)?
4
Let k(i) = -9*i**2 - 5*i + 16. Let l(m) = 10*m**2 + 4*m - 15. Let u(s) = 6*k(s) + 7*l(s). What is the tens digit of u(5)?
8
Let u be 30/4*40/25. Suppose -2*b - b + u = 0. Suppose 2*r + 66 = b*r. What is the units digit of r?
3
Let d(u) = -2*u**3 - 11*u**2 + 17*u + 45. Let t be d(-10). Let q = t - 493. What is the hundreds digit of q?
2
Suppose -12 + 3 = -2*c - 3*f, -2*c + 2*f = -4. Let s be (-4 - -5) + 11 - 5. Suppose s*t + c*t = 1890. What is the hundreds digit of t?
1
Let k(n) = 1471*n - 1857. What is the thousands digit of k(6)?
6
Let q(a) be the second derivative of -13*a**4/24 - 25*a**3/6 - 39*a**2/2 - 4*a. Let s(p) be the first derivative of q(p). What is the tens digit of s(-10)?
0
Suppose 27 + 1 = 4*u. Suppose -u*z + 587 = 118. Suppose 2*h + 3*b - 28 = 0, 5*h + 8 = -2*b + z. What is the units digit of h?
1
Suppose 0 = -4*i - 4*h + 21316, 4*h = 18*i - 19*i + 5344. Suppose i = 37*o - 3112. What is the units digit of o?
8
Suppose -5*i = -2*i - 324. Suppose -3*m + 144 = m + v, 3*m - i = 2*v. Suppose l + m = 2*l. What is the units digit of l?
6
Let s = 1282 - 1491. Suppose n + 126 + 1010 = 3*m, 0 = 3*m - 2*n - 1132. Let v = m + s. What is the hundreds digit of v?
1
Suppose -43 = 2*w - 157. Let q = 59 - w. What is the tens digit of -36*(-1 + (q - 3))?
7
What is the ten thousands digit of ((-1)/((-8)/(-4596)))/(2211/748 - 3)?
1
Suppose 19*l + 3786 = -8260. Let g = 1116 + l. What is the hundreds digit of g?
4
Let n = 17193 - 15332. What is the hundreds digit of n?
8
Let q(w) = -11*w**2 - 2*w + 228. Let f be q(0). Let j = 583 - f. What is the hundreds digit of j?
3
What is the units digit of 2400 + 0/(-14) - -5?
5
Let z(f) be the second derivative of f**5/4 - f**4/6 + 4*f**3/3 - 3*f**2 + 16*f. Let d = 16 - 13. What is the hundreds digit of z(d)?
1
Suppose -177*s = -6097456 - 4503251. What is the tens digit of s?
9
Let p(d) = -4*d**3 - 70*d**2 + 14*d + 27. What is the hundreds digit of p(-21)?
9
Suppose 0 = n - 25*r + 20*r - 19433, 0 = -2*n + r + 38929. What is the hundreds digit of n?
4
Suppose 5*m = 23 - 3. Suppose -2*x - 13 - 7 = -3*l, m*l - 29 = 3*x. Let c(j) = -j**3 - 6*j**2 + 4*j + 4. What is the tens digit of c(x)?
2
Let s = 10348 - 7283. Suppose 0 = 5*h + 275 - s. What is the hundreds digit of h?
5
Suppose 60 = 86*s - 80*s. What is the hundreds digit of ((-60)/s - -2*2)*-239?
4
Let x(l) = -391*l**3 - 2*l**2 + 3*l + 4. Let n = 52 + -53. What is the tens digit of x(n)?
9
Suppose 2*x - 12*x = -9170. Suppose 914*v + 2112 = x*v. What is the units digit of v?
4
Let j(s) be the first derivative of -s**4/4 - s**3/3 + s - 13. Let m be j(2). What is the units digit of 2/11 + (-163)/m?
5
Let p = 1301 - -538. What is the thousands digit of p?
1
Suppose -98*l = -102*l + 2260. Let g = l - 48. What is the hundreds digit of g?
5
Let f = 17 - 21. Let l be (-5 + (-1 - f))/(2/(-4)). Let d(w) = 2*w**3 - 7*w - 2. What is the units digit of d(l)?
8
Suppose 4*p - 83788 = -53*t + 50*t, 5*p - 111717 = -4*t. What is the ten thousands digit of t?
2
Let c = 363 + -365. Let z(k) = 6*k**2 + 14*k + 36. What is the tens digit of z(c)?
3
Suppose 0*u - 41 = -3*y - 2*u, 2*u = -y + 11. Suppose -y - 69 = 4*l. Let z = l - -30. What is the units digit of z?
9
Let y(j) = 2*j**3 - 6*j**2 + 7*j - 3. Let r be y(4). Suppose -2*s - 5*g + 661 = 0, 2*s - 3*g - 596 = r. What is the tens digit of s?
2
Let h(a) = 6*a - 28. Let p be h(5). Suppose 5*n - 201 = p*m, -5*n + 4*m + 40 + 167 = 0. Suppose o + n = 166. What is the units digit of o?
7
Let s = 2 - 5. Let v = 239 - 418. What is the units digit of v/s - 4/6?
9
Let z be 380/70 + 6/(-14). Suppose 5*x - 665 = 3*j + 1393, -z*j - 394 = -x. What is the units digit of x?
4
Suppose -21*v = -11*v - 100. What is the tens digit of (-8)/v*(-2225)/2?
9
Let q = -21880 - -29867. What is the hundreds digit of q?
9
Let n(g) be the second derivative of 28*g + 0 + 153/2*g**2 + 1/6*g**3. What is the hundreds digit of n(0)?
1
Let x = 29 - 26. Suppose -x*n + 6*n + 4*l = 2, -3*n + 2*l = -26. Suppose -650 = -n*g - 122. What is the units digit of g?
8
Suppose 5*d - 3*q + 221 = -2*q, -4*q + 92 = -2*d. Let z(n) = -4*n + 64. Let a be z(0). Let r = a + d. What is the tens digit of r?
2
Suppose -17136 = -4*z + 3*l, z - l = 4482 - 197. What is the tens digit of z?
8
Let x be (-1)/((4 - 28/8)*-1). Suppose -l + x*l - 1535 = -5*z, -2*l = 0. What is the units digit of z?
7
Let i = 34414 + 2678. What is the hundreds digit of i?
0
Suppose 5*q = 11334 - 1494. Suppose -15*z - 2907 - q = 0. Let n = -164 - z. What is the units digit of n?
1
Let d(p) = 4*p**2 - 38*p + 20. Let x be d(9). Suppose 2*z + x*z - 2*a = 2340, 4*z - a - 2338 = 0. What is the units digit of z?
4
Suppose -660 = -5*k + 4*q + 79, -1 = q. Suppose 0 = -3*z + 378 - k. What is the units digit of z?
7
Let c(s) = 1602*s**2 + 212*s - 969. What is the thousands digi